n 63945 is divided by 1827?
0
Calculate the remainder when 494 is divided by 180.
134
What is the remainder when 33499 is divided by 65?
24
Calculate the remainder when 10070 is divided by 271.
43
What is the remainder when 12299 is divided by 383?
43
What is the remainder when 742217 is divided by 1258?
1255
What is the remainder when 99168 is divided by 211?
209
What is the remainder when 625 is divided by 315?
310
What is the remainder when 14090 is divided by 60?
50
What is the remainder when 47518 is divided by 60?
58
Calculate the remainder when 13492 is divided by 30.
22
Calculate the remainder when 18381 is divided by 4585.
41
What is the remainder when 914 is divided by 129?
11
Calculate the remainder when 361899 is divided by 110.
109
What is the remainder when 8830 is divided by 30?
10
Calculate the remainder when 8875 is divided by 985.
10
Calculate the remainder when 20457 is divided by 1276.
41
What is the remainder when 19078 is divided by 530?
528
Calculate the remainder when 3211 is divided by 1274.
663
Calculate the remainder when 401467 is divided by 38.
35
What is the remainder when 2371472 is divided by 7?
5
What is the remainder when 8153 is divided by 4053?
47
What is the remainder when 3686 is divided by 3684?
2
What is the remainder when 6765 is divided by 2240?
45
Calculate the remainder when 235654 is divided by 5355.
34
What is the remainder when 259761 is divided by 386?
369
What is the remainder when 20776 is divided by 51?
19
Calculate the remainder when 11126 is divided by 1670.
1106
Calculate the remainder when 16970 is divided by 514.
8
What is the remainder when 16574 is divided by 579?
362
What is the remainder when 82813 is divided by 25?
13
What is the remainder when 314 is divided by 10?
4
What is the remainder when 1971 is divided by 175?
46
What is the remainder when 1138141 is divided by 34?
25
What is the remainder when 327 is divided by 124?
79
Calculate the remainder when 8112 is divided by 645.
372
Calculate the remainder when 278 is divided by 191.
87
What is the remainder when 924 is divided by 905?
19
Calculate the remainder when 506525 is divided by 253262.
1
Calculate the remainder when 713722 is divided by 178429.
6
What is the remainder when 28098 is divided by 1646?
116
What is the remainder when 1626 is divided by 148?
146
Calculate the remainder when 8796 is divided by 274.
28
What is the remainder when 81589 is divided by 1032?
61
What is the remainder when 1263 is divided by 1076?
187
What is the remainder when 4858 is divided by 1400?
658
What is the remainder when 23571 is divided by 44?
31
What is the remainder when 6722 is divided by 45?
17
Calculate the remainder when 16110 is divided by 4.
2
What is the remainder when 28807 is divided by 144?
7
Calculate the remainder when 9165 is divided by 763.
9
Calculate the remainder when 481452 is divided by 3.
0
Calculate the remainder when 3856 is divided by 1485.
886
What is the remainder when 210016 is divided by 13?
1
Calculate the remainder when 36878 is divided by 12290.
8
What is the remainder when 59748 is divided by 19899?
51
What is the remainder when 23742 is divided by 155?
27
What is the remainder when 23198 is divided by 553?
525
Calculate the remainder when 2320280 is divided by 103.
102
Calculate the remainder when 374842 is divided by 595.
587
What is the remainder when 428 is divided by 98?
36
Calculate the remainder when 23335 is divided by 43.
29
What is the remainder when 25226 is divided by 787?
42
What is the remainder when 48844 is divided by 284?
280
Calculate the remainder when 217 is divided by 211.
6
What is the remainder when 207320 is divided by 103656?
8
What is the remainder when 1373 is divided by 24?
5
What is the remainder when 2854 is divided by 1426?
2
Calculate the remainder when 40122 is divided by 10019.
46
Calculate the remainder when 1046 is divided by 40.
6
What is the remainder when 84019 is divided by 27?
22
Calculate the remainder when 301467 is divided by 13.
10
What is the remainder when 9548 is divided by 281?
275
Calculate the remainder when 1367 is divided by 1363.
4
Calculate the remainder when 1406 is divided by 472.
462
What is the remainder when 6977 is divided by 872?
1
What is the remainder when 38664 is divided by 77?
10
What is the remainder when 2861 is divided by 189?
26
Calculate the remainder when 139142 is divided by 809.
803
Calculate the remainder when 157780 is divided by 1005.
1000
Calculate the remainder when 69953 is divided by 118.
97
Calculate the remainder when 4291 is divided by 4212.
79
Calculate the remainder when 73057 is divided by 19.
2
What is the remainder when 3091 is divided by 1497?
97
Calculate the remainder when 3187 is divided by 1516.
155
Calculate the remainder when 4752 is divided by 36.
0
Calculate the remainder when 51438 is divided by 12825.
138
What is the remainder when 37414 is divided by 198?
190
What is the remainder when 4095 is divided by 3872?
223
Calculate the remainder when 25256 is divided by 84.
56
Calculate the remainder when 63699 is divided by 325.
324
Calculate the remainder when 443208 is divided by 157.
154
What is the remainder when 127251 is divided by 127?
124
What is the remainder when 449831 is divided by 253?
250
What is the remainder when 25914 is divided by 529?
522
What is the remainder when 17155 is divided by 429?
424
What is the remainder when 7344 is divided by 27?
0
Calculate the remainder when 1731 is divided by 130.
41
What is the remainder when 2916 is divided by 343?
172
What is the remainder when 4314 is divided by 4?
2
What is the remainder when 357022 is divided by 28?
22
What is the remainder when 112999 is divided by 6?
1
What is the remainder when 88034 is divided by 22006?
10
What is the remainder when 387744 is divided by 160?
64
What is the remainder when 2585 is divided by 1003?
579
Calculate the remainder when 30641 is divided by 3389.
140
What is the remainder when 18206 is divided by 6?
2
Calculate the remainder when 97882 is divided by 13.
5
Calculate the remainder when 1657896 is divided by 179.
177
What is the remainder when 2570 is divided by 61?
8
What is the remainder when 10762 is divided by 546?
388
What is the remainder when 2899 is divided by 987?
925
Calculate the remainder when 1968 is divided by 37.
7
What is the remainder when 48782 is divided by 9?
2
What is the remainder when 16194 is divided by 5187?
633
Calculate the remainder when 7148 is divided by 596.
592
What is the remainder when 34705 is divided by 1245?
1090
What is the remainder when 20806 is divided by 12?
10
What is the remainder when 2338 is divided by 25?
13
Calculate the remainder when 246002 is divided by 245990.
12
Calculate the remainder when 22865 is divided by 7618.
11
What is the remainder when 2926 is divided by 2896?
30
What is the remainder when 1984 is divided by 363?
169
Calculate the remainder when 1190 is divided by 579.
32
What is the remainder when 580 is divided by 388?
192
What is the remainder when 211435 is divided by 105705?
25
What is the remainder when 153 is divided by 147?
6
Calculate the remainder when 1289 is divided by 1188.
101
Calculate the remainder when 6927 is divided by 1993.
948
What is the remainder when 11918 is divided by 243?
11
Calculate the remainder when 10292 is divided by 127.
5
What is the remainder when 16386 is divided by 497?
482
Calculate the remainder when 4019 is divided by 1338.
5
Calculate the remainder when 18909 is divided by 27.
9
What is the remainder when 1022938 is divided by 37?
36
Calculate the remainder when 372553 is divided by 41.
27
Calculate the remainder when 6146 is divided by 3072.
2
What is the remainder when 28118 is divided by 39?
38
What is the remainder when 3560 is divided by 148?
8
What is the remainder when 104806 is divided by 26197?
18
What is the remainder when 19166 is divided by 171?
14
What is the remainder when 2508 is divided by 604?
92
What is the remainder when 7504 is divided by 2499?
7
What is the remainder when 11024 is divided by 3673?
5
What is the remainder when 42008 is divided by 5?
3
Calculate the remainder when 3424 is divided by 2451.
973
Calculate the remainder when 61320 is divided by 203.
14
What is the remainder whe